 115. What is the units digit of f?
5
Suppose 0 = -3*b + t + 11, b + 13 = t - 4*t. Let z(w) = 3 + 2*w + b + 4 - 6. What is the tens digit of z(4)?
1
What is the tens digit of 11/((-110)/336)*(-10)/3?
1
Let v(w) = -w**3 + 3*w**2 + 7*w - 5. Let o be -3*(-2)/18*-3. Let i(r) = -4*r**3 - r**2 - 2*r - 1. Let h be i(o). What is the units digit of v(h)?
7
Suppose 4*j - 16 = -44. Let k = 11 + j. Suppose -3*a + 7 = k. What is the units digit of a?
1
Let c(k) = k**2 - 18*k + 42. What is the tens digit of c(17)?
2
Let r(q) = 4 + 2*q**2 + 5*q - 4 + 2. What is the units digit of r(-4)?
4
Suppose 4*k = 373 + 23. What is the tens digit of k?
9
Let y(h) = h + 7. Let m be y(-4). Suppose 2*t = m*x + 190, 2*t = -3*x + 7*x + 188. Suppose -6 = 5*f - w - t, 5*f - 4*w - 98 = 0. What is the tens digit of f?
1
Let l(f) = f. Let i be l(3). Suppose -4*k + 26 = -5*r, -21 = -i*k + 2*r - 5. What is the units digit of k?
4
Suppose 3 = -s - 0. What is the units digit of 11 + s*(-6)/(-9)?
9
Let x = 3 - -5. What is the units digit of x/(-32) - 74/(-8)?
9
Suppose h - 3 = -0*h. Suppose -c + 4 = h*c. What is the units digit of c?
1
Let g(c) = -c**3 - 8*c**2 - 2*c - 11. Let x(s) = 2*s**3 - s**2 - 5*s + 2. Let k be x(3). Suppose 0*d = -4*d - k. What is the units digit of g(d)?
5
Suppose -x + 6*x = 580. What is the tens digit of x?
1
Let i = 62 - 32. Suppose 15 = o + 2*d, d = 5*o - i - 23. What is the units digit of o?
1
Let y(w) = w**3 + 4*w**2 + 2*w. Let i be y(-3). Let z be 0/((-2)/1) - 6. What is the units digit of (-4)/i*z + -2?
6
Suppose -3*m = -h + 9, -3*m + 28 - 97 = -5*h. What is the units digit of h?
5
Suppose -170 = -3*d + 31. Suppose 4*h - 5*k - 149 = 0, -h + 3*h - k = d. What is the units digit of h?
1
Let m(a) = 29*a. What is the hundreds digit of m(5)?
1
Let y(z) = 20*z**2 - 18*z - 3. What is the hundreds digit of y(4)?
2
Let t(c) = -3*c + 9. Let g(b) = -4*b + 14. Let s(m) = 5*g(m) - 7*t(m). Let h be 2/6 + 5/(-15). What is the units digit of s(h)?
7
Suppose 5*k + 4*q = 36, 4*q - 12 = k - 0*k. Suppose 0 = k*v + 8 + 8. What is the units digit of 5 - (-5)/((-10)/v)?
7
Suppose -2*k = 2*k + 140. Let j = k + 58. What is the tens digit of j?
2
Let k(z) = 50*z**3. Let o be k(-1). Let d = 90 + o. What is the units digit of d?
0
Let i be 1*(0 + 2) - -1. Suppose 0 = -3*d - 3*p + 81, -i*d + 2*p - 78 = -6*d. What is the units digit of d?
4
Let r(v) = -229*v**3 - 3*v**2 - 5*v - 3. What is the tens digit of r(-1)?
2
Let k(r) = r**3 - 8*r**2 + 8*r + 3. What is the tens digit of k(7)?
1
Let r = 5 - 2. Suppose 0 = 2*j - 3*h - 18, -r*h = 7 - 1. Suppose 3 - j = -f. What is the units digit of f?
3
Let l be (-24)/(-15) - 15/25. Let d be 78 + 3*l/3. What is the units digit of d/4 - 3/(-12)?
0
Let t(h) = h**3 + 3*h**2 + 4*h + 2. Let b be t(-2). Let x(i) = -18*i + 1. What is the tens digit of x(b)?
3
Suppose -105 = -l + 5*u, -3*l + 203 + 52 = -3*u. What is the tens digit of l?
8
Suppose -312 = -13*r + 7*r. What is the units digit of r?
2
Let w(n) = -n**2 + 10*n - 5. Let f be w(9). Suppose -z = -5*o + 246, f*z + 148 = 3*o + 3*z. What is the units digit of o?
9
Let n = 24 - -5. What is the tens digit of n?
2
Let s(d) = 2*d - 4. Let f be s(4). Suppose -16 = -f*k + m + 2*m, -3*m = 0. Suppose -3*z = 5*t - 2, -2*z - 2 = -k*z - 3*t. What is the units digit of z?
4
Let p(k) = -k**3 + 6*k**2 + 2*k - 7. Let w be p(6). Let s(x) = 2*x - 5. What is the units digit of s(w)?
5
Let q = 4 - -1. Suppose -q + 0 = -5*b. What is the tens digit of -1 + 19 - b - -3?
2
Let d = -57 - -151. What is the units digit of d?
4
Let c = 8 - 6. Suppose -4*h + 5*y = -68, c*y + 58 = 4*h - 10. What is the units digit of h?
7
Suppose 3*y - 21 = -3*r, -5*y - 3*r = -4*r - 11. Suppose 13 = 2*d - b, -2*d + 22 = y*b - 7*b. What is the units digit of d?
5
Suppose -2*l - 2*l = -48. Let h be -1 - -2 - 2 - 6. Let p = h + l. What is the units digit of p?
5
Let m(i) be the first derivative of -3*i**2/2 - 4*i + 4. What is the tens digit of m(-6)?
1
What is the tens digit of ((-5)/(-15))/((-2)/(-210))?
3
Let w = -5 - -33. What is the units digit of w?
8
Let r(c) = 22*c**3 + c - 1. Let u be r(1). Let w = u - -6. What is the tens digit of w?
2
Let b(o) = o**2 + 8. Suppose -4*k + 0 + 14 = -3*r, -5*r = -3*k + 5. Let s be (-2)/4 + r/4. What is the units digit of b(s)?
8
Let k(s) = -s + 1. Let t(w) = -186*w + 155. Let m(b) = -155*k(b) + t(b). What is the tens digit of m(-1)?
3
Suppose -2*n = -5*l - 18, 7 = 3*n - 6*n - l. Let x be n/3 + 2/6. Suppose -o + 23 = -x*o. What is the tens digit of o?
2
Suppose -2*b + 38 = -22. What is the units digit of b?
0
Let h = 7 - 5. Suppose -25 = -s - h*q - 6, 3*s = -4*q + 57. What is the tens digit of s?
1
Let n(i) be the third derivative of 7*i**4/24 - i**3/3 + 3*i**2. What is the units digit of n(2)?
2
Let j = 12 + -9. Suppose j*p - 135 = -0*p. What is the units digit of p?
5
Let l(p) = -p**3 - p. Let i be l(-1). Suppose i*z = -0 + 10. What is the units digit of z?
5
Let p be (28/(-42))/(4/(-30)). Suppose -p*k + 14 + 36 = -5*s, 0 = 2*k - s - 16. What is the units digit of k?
6
Suppose 5*h + 8 = 4*j + 37, 5*j = 5*h - 30. Suppose -118 = -3*p + 4*f - 23, -h*p - 5*f = -135. What is the units digit of p?
9
Let l(x) be the first derivative of 2*x**2 - 6*x - 3. What is the units digit of l(5)?
4
Suppose -a = -13 + 3. Suppose 2*b - 6 = a. Let p = b + -2. What is the units digit of p?
6
Let j(g) = -g**3 - 6*g**2 + 3*g - 1. Let n be j(-6). Let p = 31 + n. What is the units digit of p?
2
Let v be (2 - 4)*(-2)/(-1). Let d(b) = b**2 + 14*b + 5. Let s be d(-14). Let i = s + v. What is the units digit of i?
1
Let j(n) = -n + 6. Let b be j(5). What is the units digit of (-115)/(-5) - (4 - b)?
0
Suppose 0 = 5*g - j - 36 - 65, 0 = -4*g - j + 79. Suppose -g = 4*m - 8*m. What is the units digit of m?
5
Let h be ((-130)/6)/(2/(-12)). Let i = h - 70. Suppose -2*w + 2*y = 7*y - i, -3*w = -4*y - 44. What is the tens digit of w?
2
Let y(t) = -t**2 + 6*t - 4. Let r be y(5). Let n be 0 - r/(-1)*1. Let q(b) = 6*b**3 - b + 1. What is the units digit of q(n)?
6
Let d(u) = -5*u**3 + 9*u**2 + 15*u + 4. Let f(h) = h**3 - h. Let y(k) = d(k) + 6*f(k). Let g be y(-8). Let l = 6 + g. What is the units digit of l?
2
Let n(i) = -i. Let t(d) = 6*d - 2. Let o(k) = -5*n(k) - t(k). Suppose 3*j - 2*j - 3*p = -3, -15 = 5*j - 4*p. What is the units digit of o(j)?
5
Let a be (2/(-4))/((-5)/(-580)). Let c = a - -99. What is the tens digit of c?
4
Let o(v) = v**3 - 8*v**2 + 3*v + 2. What is the tens digit of o(8)?
2
Let w(a) = 2*a + 27. What is the tens digit of w(0)?
2
Let r(h) = 2*h - 10. Let x be r(7). Suppose 0 = -4*s + 4*z + x, 5*s - 3 = 2*z - 1. Suppose 4*v - 4 - 16 = s. What is the units digit of v?
5
Suppose r + u - 41 = -u, 2*r + 2*u - 92 = 0. What is the units digit of r?
1
Let b(v) = -v**3 + 6*v**2 + 7*v + 10. Let y = 28 - 20. Let o be 4/1 - (y - 11). What is the tens digit of b(o)?
1
Suppose -75 = -3*j + 3*u, 5 = -3*j + 4*u + 75. What is the units digit of (-18)/(-27)*j/4?
5
Let l(i) = i**3 - 12*i**2 - i + 15. Let s be l(12). Suppose 46 = 2*a - 4*c, s*a + 19 = 6*a + 4*c. What is the units digit of a?
3
Suppose 3*r - 5 = -s, 0*r = -r + s + 7. What is the tens digit of (-90)/(-35)*14/r?
1
Let x = -7 - -7. Suppose x = 5*w, 5*v - 4 - 61 = -2*w. What is the tens digit of v?
1
Let z be 8/2*(-21)/28. Let x = z + 6. Suppose 0*v = x*v - 45. What is the tens digit of v?
1
Let x(j) = -j**3 - 7*j**2 - 7*j - 9. Let c be x(-6). Let y be ((c + 2)/1)/1. What is the tens digit of y + 4 - (-4 - 7)?
1
Let w(d) = d - 6. Let f be w(14). What is the tens digit of f/28 + 456/21?
2
Let i(b) = -b + 1. Let s be i(5). Let q(k) = -k**3 - 4*k**2 - 4*k. What is the tens digit of q(s)?
1
Let j be (-2)/8 - (-15)/(-4). Let f = j + 12. What is the units digit of f?
8
Let x(d) be the first derivative of -d**4/4 + 3*d**3 - 5*d**2 - 2*d - 1. What is the units digit of x(7)?
6
Let u(l) = -l**2 - 19*l - 16. What is the units digit of u(-17)?
8
What is the units digit of (0 + 1)/((-1)/(-287))?
7
Let w(a) = -4*a**2 + 5*a**2 - a**2 + a + 5*a**3 + a**2. Let v be w(-1). Let u(n) = -n**3 - 6*n**2 - 6*n + 6. What is the tens digit of u(v)?
1
Let h be (-132)/13 - (-6)/39. Let g be 6/5*(-25)/h. What is the units digit of 1/(g + 4/(-2))?
1
Suppose -3*x = 4*u + 18, -x - 4*u - 9 + 3 = 0. Let j =